 r a composite number?
False
Let h(s) = -6567*s - 250. Is h(-171) a prime number?
False
Suppose 2*y - 33 = -2*y + 3*s, 5*y = s + 33. Let m be 1/1*21366/y. Suppose -4*f = -3*i + 201 + 2486, 4*i - f = m. Is i a prime number?
False
Let m = 109373 + 695292. Is m a prime number?
False
Suppose -44*n + 38*n + 2190 = 0. Suppose -3*y - 4*z + n = 0, -2*z = -2*y - 55 + 317. Is y a prime number?
True
Suppose 0 = 3*l + 21 - 9, 3*l + 30 = -b. Is (-50864)/(-99) + (-4)/b a composite number?
True
Let p(m) = 40*m**3 - 2*m**2 + 5*m - 3. Let y be p(1). Suppose 6*n = -2*n + y. Suppose -w - 4*w = 2*i - 1626, -3*i - 1636 = -n*w. Is w a composite number?
True
Suppose -18*p - 5*p = -1267760. Suppose 2*o = 5*b - o - 55144, -5*o + p = 5*b. Is b a composite number?
False
Is (20/(-40))/(6/(-3)) + 385603/4 prime?
True
Let s(n) = 1362*n**3 - 3*n**2 + 4*n + 2. Let v(a) = 4086*a**3 - 9*a**2 + 11*a + 6. Let t(f) = -11*s(f) + 4*v(f). Is t(1) a composite number?
False
Let x(q) = 30*q - 9. Let m(u) = 2*u + 24. Let z be m(-10). Let a be 3*(z/(-10) - (-122)/30). Is x(a) composite?
True
Let d(x) = 15*x**2 - 2*x - 7. Let o be d(-3). Let z(m) = -10 - 7 + 2 - 2 - o*m. Is z(-6) composite?
False
Let i(s) = 501*s + 10 - 7 - 148*s. Let y be i(4). Suppose q + 397 = y. Is q a prime number?
False
Is 25844 + -1 - -6 - (2 - (8 - 14)) a prime number?
True
Is ((-19122)/(-14) - 2)/(29/2233) a composite number?
True
Suppose -3*r - 5*k = 8, 3*k - 4 = -2*r - 9. Is -20*(-11860)/250 + r/(-5) a composite number?
True
Let c(o) = o + 3. Let w be c(-1). Suppose 11 = 2*v - 3*p, 6*v - 2*p = w*v + 2. Is v*1*(-633)/6 a composite number?
False
Suppose -4882 = 5*f - 18372. Let v = f - 1655. Is v prime?
False
Suppose -13*g + 119640 = -393847. Is g a composite number?
False
Let l = -279 - -295. Suppose 20*m - 12172 = l*m. Is m a composite number?
True
Let x be 1*(49 + -1 + -2). Let c = x + -41. Suppose 4*w + 112 - 828 = c*o, -5*w - 4*o = -895. Is w a composite number?
False
Let x be (-14 - -14) + (4 - (-3 - -1)). Is (-16)/(-8) + x - -2031 prime?
True
Let w(d) = 15931*d + 9. Let h be w(2). Suppose -h = -5*g - 7016. Is g prime?
False
Suppose -29330 = -4*g + 2*k, 4*g - 24001 = 5*k + 5338. Is g prime?
True
Suppose 2*t = -0*t - s, 5*s = -3*t - 14. Suppose -3*z = -0*z - t*r - 1649, 5*z + 3*r - 2761 = 0. Is z composite?
True
Let f(c) = 11*c**2 + 3*c + 2929. Is f(0) prime?
False
Let r(h) = -42*h**3 + h**2 - 13*h - 10. Let i be r(-5). Let k = -3435 + i. Is k a prime number?
False
Let t = 2055 - 214. Let j = 3090 - t. Is j a composite number?
False
Let r(q) = -10076*q - 427. Is r(-6) a prime number?
True
Suppose -3*w + 280*p = 284*p - 42827, -4*w + 4*p + 57140 = 0. Is w a composite number?
False
Let s = -19952 - -10700. Let c = s + 13301. Is c a composite number?
False
Suppose 15*n = 73 - 253. Is (4 - (-40)/n)*73626/4 a prime number?
False
Let t(a) = -a**3 + 6*a**2 - 21. Let i be t(5). Let p be (3 + (-22)/i)*8/(-5). Suppose -s = 2*u + p*s - 1081, -4*s = u - 533. Is u a composite number?
True
Let w(b) = -3673*b + 1. Let a be w(-5). Let v(j) = -j**2 - 44*j + 82. Let s be v(-45). Suppose 31*f + a = s*f. Is f composite?
False
Let q(o) = 33470*o - 947. Is q(6) composite?
False
Let z(r) = r + 5. Let h be z(8). Let i(w) = -w**2 + 14*w + 6. Is i(h) a composite number?
False
Suppose u - 4*f = 26, 0*u + 31 = u - 5*f. Suppose u*j + 0*j + 24 = 0. Let b(t) = -5*t**3 + 5*t**2 + 2*t - 3. Is b(j) a prime number?
True
Suppose 3*k + 491 = 3317. Let i = 916 + k. Is i a prime number?
False
Let h = -12154 - -58017. Is h a composite number?
False
Is 8 - 24065*(-11)/5 a composite number?
False
Let m = -581005 - -890918. Is m prime?
False
Let r(j) = -43999*j - 16. Is r(-3) a composite number?
True
Is 33 - 43 - 43*58434/(-6) a composite number?
True
Suppose 2*y + 2377 = -1567. Is (337/(-2))/(58/y) composite?
True
Let o(v) = -583*v + 78. Let h be o(7). Is (14 - 10) + (0 - h) a composite number?
False
Let w be (-1066)/(-8) - 30/(-40). Suppose w - 2 = 4*g. Is (g/(-12) + 2)*-92 prime?
False
Suppose -6 = 2*x - 4*m, 2*m - 15 = 5*x - 3*m. Let b(y) = -12*y**2 - 3*y - 7. Let a be b(x). Let z = a + 233. Is z a composite number?
False
Let d(m) = 1436*m**2 - 29*m + 7. Is d(-4) prime?
True
Suppose -162*n - 4505047 + 25333946 = -71*n. Is n composite?
True
Let s(z) = -4*z + 93. Let o be s(22). Suppose -5*c - 1 + 118 = 4*p, o*p + 4*c - 153 = 0. Is p prime?
False
Let q be ((-16)/4)/(-4) - 5. Is q/(-6) - 562075/(-75) prime?
False
Let v(x) = 7398*x**2 - 261*x + 788. Is v(3) composite?
False
Is 10681630/50 - 204/(-85) prime?
False
Suppose 31*j = -2*c + 28*j + 1760, j + 1752 = 2*c. Is c a composite number?
False
Let k(g) = 17*g**3 + 5*g**2 + g - 18. Let j = -83 - -94. Let a(v) = -v**2 + 10*v + 16. Let s be a(j). Is k(s) a composite number?
False
Let l(s) = 36*s**2 + 109*s - 1248. Is l(73) prime?
True
Is (15740/(-6))/(1*12/(-18)) prime?
False
Suppose y - 10666 = l + 11383, -y = -5*l - 22041. Is y prime?
True
Let o = 617 + -193. Let z = 546 - o. Is z a composite number?
True
Let c = 31 - 25. Suppose 2*t - 16 = 2*z + 2*z, t = z + c. Suppose 48 - 632 = -t*r. Is r a composite number?
True
Is (1013/(-3039))/((-2)/1492098) a composite number?
False
Suppose 5*o - k = -3*k + 20, 1 = 3*o - k. Let q be 2 - (1 - 2)*o/1. Suppose -3*n + 2087 = l, -7*l = -q*l + 4*n - 6281. Is l composite?
False
Let v(c) = 274*c**2 + 2. Let q be v(2). Let z = q - 403. Is z prime?
False
Let l(g) = -14957*g - 1230. Is l(-37) prime?
True
Let x(p) = 46*p**3 + 14*p**2 + 10*p - 53. Is x(17) composite?
True
Let h be (-1 + -1)/(20/30). Let v be (-322)/h*(-198)/(-12). Let r = v + -1034. Is r a prime number?
False
Let c be (2/1)/(9/2523510). Suppose -c = -69*l + 49*l. Is l a composite number?
True
Suppose -4*k + 5*b - 9*b + 26012 = 0, -2*b - 32480 = -5*k. Suppose 15*t = k + 6087. Is t prime?
True
Let r = 48 + -57. Let t be (((-96)/r)/(-4))/(14/(-21)). Suppose g - 69 = -d - 2*g, 3*d + t*g - 187 = 0. Is d a prime number?
False
Let p(w) = 15*w**2 - w - 19. Let c be p(6). Let h = c + -925. Is (-4 - (-28)/8)*h prime?
False
Let y(j) = 4683*j**2 + 3*j - 2. Let z(m) = m**2 - 6*m - 6. Let x be z(7). Let v be y(x). Suppose r - 3*r = 0, -2*w = 4*r - v. Is w prime?
False
Suppose 40 + 18 = 3*r + 4*v, -3*r + 76 = -5*v. Suppose -12*o = -o - r. Suppose 3*q - 3*t = 3243, -156 - 3077 = -3*q - o*t. Is q a prime number?
False
Let k = -536 + 529. Let p(d) be the first derivative of 6*d**3 - d**2/2 - 10*d + 2. Is p(k) a prime number?
False
Let x(f) = -13*f**2 + 47*f + 65. Let m(u) = 6*u**2 - 23*u - 33. Let v(a) = 9*m(a) + 4*x(a). Is v(18) a composite number?
False
Suppose 44*d - 6332404 = -41*d + 33*d. Is d prime?
False
Let g(n) = 761*n**2 + 93*n + 29. Is g(-3) a prime number?
True
Suppose 3*x - 14*f + 19*f = 202656, 3 = f. Is x a prime number?
True
Let y(v) = 99*v**2 - 68*v + 61. Is y(24) a prime number?
False
Suppose 0 = -5*i + 16*i + 33. Is i - (-1740)/18 - (-4)/(-6) a composite number?
True
Is 0 - (-2814132)/8*6/9 a composite number?
False
Suppose 27*m - 639709 = 97364. Is m a composite number?
False
Let z be (-5)/(6 + 4)*-10. Suppose -z*p - 3 = 7. Is 417 - (p - -1)*-4 prime?
False
Is (2/(-3)*9 + 163418/(-6))*-3 prime?
True
Let r = -58 + 50. Let x(q) = -654*q + 71. Is x(r) composite?
False
Is (-589342)/(-18) - (-12)/(-54) composite?
True
Let m = 106546 + -59470. Suppose 4*z + 3*x - m = -0*z, 3*z = -2*x + 35307. Is z composite?
True
Suppose -11*n = -n + 42750. Let i = n - -6224. Is i a composite number?
False
Let s(d) be the second derivative of d**7/360 - 29*d**6/720 + d**5/8 - 31*d**4/12 + 32*d. Let h(r) be the third derivative of s(r). Is h(13) a composite number?
False
Let u = 131137 + -768. Is u composite?
False
Is -7*(20161664/(-112))/8 a prime number?
True
Suppose s - 5*o + 242 = -3*s, 4*s + 224 = -4*o. Let j = s + 66. Is ((-2797)/2 - 4/j)*-1 composite?
False
Let q(o) = -o**3 + 23*o**2 + 38*o + 37. Let s = -542 - -565. Is q(s) a composite number?
False
Let t = 23 - 19. Suppose -5*g + j = -6800, -t*g = g + 3*j - 6820. Is g a prime number?
True
Let q(t) = 15*t + 102. Let y(i) = 8*i + 51. Let d(n) = 6*q(n) - 11*y(n). Let v be d(-22). Let p(w) = 118*w - 13. Is p(v) prime?
False
Let q = 647429 - 345286. Is q composite?
False
Let o(b) = -8*b**3 - 2*b**2 + 4*b - 9. Suppose v = 5*w - 2*w - 15, -3*w + 2*v + 18 = 0. Suppose 0 =